hat are the prime factors of 60232?
2, 7529
List the prime factors of 1205.
5, 241
List the prime factors of 87236.
2, 113, 193
What are the prime factors of 1572?
2, 3, 131
What are the prime factors of 106?
2, 53
What are the prime factors of 383?
383
List the prime factors of 6357.
3, 13, 163
What are the prime factors of 321?
3, 107
List the prime factors of 3876.
2, 3, 17, 19
What are the prime factors of 42235?
5, 8447
List the prime factors of 824.
2, 103
List the prime factors of 3424.
2, 107
List the prime factors of 52093.
113, 461
List the prime factors of 5673.
3, 31, 61
What are the prime factors of 21619?
13, 1663
What are the prime factors of 378?
2, 3, 7
List the prime factors of 68453.
7, 11, 127
What are the prime factors of 1951?
1951
List the prime factors of 59983.
7, 11, 19, 41
What are the prime factors of 29796?
2, 3, 13, 191
List the prime factors of 2096.
2, 131
List the prime factors of 1051.
1051
List the prime factors of 60.
2, 3, 5
List the prime factors of 36328.
2, 19, 239
What are the prime factors of 2628?
2, 3, 73
What are the prime factors of 11550?
2, 3, 5, 7, 11
What are the prime factors of 26858?
2, 13, 1033
What are the prime factors of 39833?
61, 653
What are the prime factors of 10469?
19, 29
What are the prime factors of 9314?
2, 4657
What are the prime factors of 53394?
2, 3, 11, 809
What are the prime factors of 34472?
2, 31, 139
What are the prime factors of 535?
5, 107
What are the prime factors of 1736?
2, 7, 31
List the prime factors of 1770.
2, 3, 5, 59
What are the prime factors of 1488?
2, 3, 31
List the prime factors of 54705.
3, 5, 7, 521
What are the prime factors of 25907?
7, 3701
What are the prime factors of 1066?
2, 13, 41
List the prime factors of 96960.
2, 3, 5, 101
List the prime factors of 2477.
2477
List the prime factors of 4981.
17, 293
List the prime factors of 14512.
2, 907
List the prime factors of 4783.
4783
List the prime factors of 1188.
2, 3, 11
List the prime factors of 421.
421
List the prime factors of 14569.
17, 857
What are the prime factors of 33052?
2, 8263
List the prime factors of 4943.
4943
List the prime factors of 2779.
7, 397
List the prime factors of 1434.
2, 3, 239
What are the prime factors of 5493?
3, 1831
List the prime factors of 797.
797
List the prime factors of 627.
3, 11, 19
What are the prime factors of 12679?
31, 409
What are the prime factors of 4649?
4649
What are the prime factors of 136577?
7, 109, 179
What are the prime factors of 18100?
2, 5, 181
What are the prime factors of 1723?
1723
What are the prime factors of 2868?
2, 3, 239
What are the prime factors of 1863?
3, 23
What are the prime factors of 24981?
3, 11, 757
What are the prime factors of 6751?
43, 157
What are the prime factors of 9927?
3, 1103
List the prime factors of 954.
2, 3, 53
List the prime factors of 48693.
3, 16231
What are the prime factors of 4799?
4799
What are the prime factors of 2177?
7, 311
What are the prime factors of 2052?
2, 3, 19
List the prime factors of 6594.
2, 3, 7, 157
List the prime factors of 1092.
2, 3, 7, 13
What are the prime factors of 186?
2, 3, 31
List the prime factors of 4238.
2, 13, 163
List the prime factors of 2039.
2039
What are the prime factors of 26907?
3, 8969
List the prime factors of 6583.
29, 227
List the prime factors of 7.
7
List the prime factors of 36705.
3, 5, 2447
List the prime factors of 484.
2, 11
List the prime factors of 1835.
5, 367
List the prime factors of 11163.
3, 61
What are the prime factors of 54875?
5, 439
List the prime factors of 41246.
2, 41, 503
List the prime factors of 1129.
1129
List the prime factors of 30437.
11, 2767
What are the prime factors of 3676?
2, 919
What are the prime factors of 3544?
2, 443
List the prime factors of 21784.
2, 7, 389
What are the prime factors of 97497?
3, 23, 157
List the prime factors of 28.
2, 7
What are the prime factors of 378?
2, 3, 7
List the prime factors of 7048.
2, 881
What are the prime factors of 19136?
2, 13, 23
List the prime factors of 1622.
2, 811
List the prime factors of 2297.
2297
List the prime factors of 2333.
2333
List the prime factors of 3130.
2, 5, 313
List the prime factors of 4389.
3, 7, 11, 19
List the prime factors of 1559.
1559
What are the prime factors of 15662?
2, 41, 191
List the prime factors of 141314.
2, 70657
List the prime factors of 1474.
2, 11, 67
What are the prime factors of 17680?
2, 5, 13, 17
What are the prime factors of 743?
743
What are the prime factors of 9515?
5, 11, 173
List the prime factors of 3616.
2, 113
List the prime factors of 50914.
2, 25457
What are the prime factors of 2153?
2153
List the prime factors of 76544.
2, 13, 23
What are the prime factors of 8102?
2, 4051
What are the prime factors of 39586?
2, 19793
What are the prime factors of 89389?
71, 1259
List the prime factors of 7484.
2, 1871
What are the prime factors of 2303?
7, 47
What are the prime factors of 91618?
2, 19, 2411
What are the prime factors of 33270?
2, 3, 5, 1109
List the prime factors of 141369.
3, 47123
List the prime factors of 55383.
3, 18461
List the prime factors of 1833.
3, 13, 47
What are the prime factors of 62700?
2, 3, 5, 11, 19
List the prime factors of 2903.
2903
List the prime factors of 3053.
43, 71
What are the prime factors of 10409?
7, 1487
List the prime factors of 11375.
5, 7, 13
What are the prime factors of 15868?
2, 3967
What are the prime factors of 9427?
11, 857
List the prime factors of 5080.
2, 5, 127
List the prime factors of 5258.
2, 11, 239
List the prime factors of 2282.
2, 7, 163
List the prime factors of 731.
17, 43
What are the prime factors of 35660?
2, 5, 1783
What are the prime factors of 6968?
2, 13, 67
List the prime factors of 2247.
3, 7, 107
What are the prime factors of 4821?
3, 1607
List the prime factors of 30335.
5, 6067
List the prime factors of 2495.
5, 499
List the prime factors of 8130.
2, 3, 5, 271
List the prime factors of 35760.
2, 3, 5, 149
List the prime factors of 997.
997
List the prime factors of 11575.
5, 463
What are the prime factors of 13524?
2, 3, 7, 23
List the prime factors of 918.
2, 3, 17
What are the prime factors of 6933?
3, 2311
List the prime factors of 105339.
3, 13, 37, 73
List the prime factors of 1382.
2, 691
List the prime factors of 1198.
2, 599
What are the prime factors of 55001?
55001
What are the prime factors of 8917?
37, 241
List the prime factors of 1992.
2, 3, 83
What are the prime factors of 103696?
2, 6481
What are the prime factors of 3520?
2, 5, 11
What are the prime factors of 7064?
2, 883
What are the prime factors of 10088?
2, 13, 97
List the prime factors of 2213.
2213
What are the prime factors of 606?
2, 3, 101
What are the prime factors of 2019?
3, 673
What are the prime factors of 9115?
5, 1823
What are the prime factors of 1879?
1879
List the prime factors of 15986.
2, 7993
List the prime factors of 1341.
3, 149
List the prime factors of 645.
3, 5, 43
List the prime factors of 3394.
2, 1697
What are the prime factors of 4704?
2, 3, 7
What are the prime factors of 572?
2, 11, 13
List the prime factors of 18921.
3, 7, 17, 53
List the prime factors of 3364.
2, 29
List the prime factors of 3291.
3, 1097
What are the prime factors of 2700?
2, 3, 5
List the prime factors of 4720.
2, 5, 59
List the prime factors of 138.
2, 3, 23
List the prime factors of 1145.
5, 229
What are the prime factors of 1415?
5, 283
What are the prime factors of 198?
2, 3, 11
List the prime factors of 13420.
2, 5, 11, 61
What are the prime factors of 2735?
5, 547
List the prime factors of 769.
769
What are the prime factors of 3396?
2, 3, 283
What are the prime factors of 1819?
17, 107
List the prime factors of 1806.
2, 3, 7, 43
What are the prime factors of 23?
23
What are the prime factors of 1321?
1321
What are the prime factors of 504?
2, 3, 7
What are the prime factors of 1841?
7, 263
What are the prime factors of 65893?
131, 503
What are the prime factors of 971?
971
List the prime factors of 3338.
2, 1669
List the prime factors of 792.
2, 3, 11
What are the prime factors of 9700?
2, 5, 97
What are the prime factors of 7235?
5, 1447
List the prime factors of 75389.
75389
List the prime factors of 9372.
2, 3, 11, 71
What are the prime factors of 111363?
3, 7, 5303
List 